= n - q. List the prime factors of v.
2
Let f be 64/24*(-9)/(-4). Suppose 514 - 64 = f*a. List the prime factors of a.
3, 5
Let d be -276*3/(-12)*2. Suppose 208 = d*j - 134*j. What are the prime factors of j?
2, 13
Let u = 154 - -207. Suppose 5*d - 438 = 3*q, 101 = 5*d + 3*q - u. List the prime factors of d.
2, 3, 5
Let g(s) = s - 3. Let h be g(5). Suppose 4*b = 2*b - 2*v - 54, 0 = h*b + v + 50. Let n = b + 37. What are the prime factors of n?
2, 7
Let z(p) = -4*p - 14. Let g be 2/(4/(-3))*-6. Let i be z(g). What are the prime factors of 20/i + (-304)/(-10)?
2, 3, 5
Suppose -5*b = 10, -8*b + 462 = -4*a - 3*b. Let r = a + 137. What are the prime factors of r?
19
Let v(n) be the second derivative of n**4/12 + 8*n**3/3 + 29*n**2/2 + 11*n. What are the prime factors of v(-17)?
2, 23
Let m(b) = -300*b + 6. Let o be m(-1). Let r = -168 + o. List the prime factors of r.
2, 3, 23
Let t(j) = -j. Suppose 3*m = 9, -4*q + 0*m = 4*m. Let k be t(q). Suppose -5*g + 9 = k*i, -5*i + 5*g = 2*g - 49. List the prime factors of i.
2
Let s = -50 + 62. Let l be (-6)/(-4)*(-14)/(-3). Suppose 0 = -b + s + l. List the prime factors of b.
19
Suppose 159 = 3*k + 3*q + 2*q, 5*k - 265 = -3*q. Suppose 7*b - 11*b - 1 = -f, 5*f = -4*b + k. List the prime factors of f.
3
Let s = 754 - 560. What are the prime factors of s?
2, 97
Suppose -4*w = 9 - 65. List the prime factors of ((-44)/(-8) - 4)*w.
3, 7
Let b be 73 - 8/(40/15). Suppose 3*h - b = -2*h. What are the prime factors of h?
2, 7
Let z = -63 + 23. Suppose -334*x = -333*x - 99. Let q = x + z. What are the prime factors of q?
59
Let w be ((-4)/(-5))/(-1*5/9875). What are the prime factors of w/(-28) + 0 + (-6)/14?
2, 7
Suppose 183 = 4*m + 43. What are the prime factors of (m/(-5))/35 + (-1852)/(-10)?
5, 37
Suppose 19*z + 70*z = 133144. List the prime factors of z.
2, 11, 17
Suppose -9*d - 1292 = -3569. List the prime factors of d.
11, 23
Suppose -3*w + 2*h + 1410 = 0, -4*w = -7*w + 5*h + 1401. List the prime factors of w.
2, 59
Let a be (21 - 0/5) + -2. Let g = 47 - a. List the prime factors of g.
2, 7
Suppose 0 = -4*n - 12, b = 4*b + 4*n - 24. What are the prime factors of b/(0 - -6)*(-138)/(-4)?
3, 23
Suppose -3*y + 0*y = 0. Suppose -4*c + 0*q - 3*q + 14 = y, 5*q = 5*c. List the prime factors of -1*(c + -4 - 0).
2
Suppose -5*n = -26 + 1. Suppose 2*i + t + 183 = 3*i, -2*t = n*i - 901. What are the prime factors of i?
181
Let o = -14 - -13. Let t(k) = 88*k**2 + 2*k + 1. Let y be t(o). Suppose 0 = 2*d + d - y. List the prime factors of d.
29
Let j(i) = -i**2 - 13*i - 8. Let x be j(-12). Suppose x*n - 31 = 21. List the prime factors of n.
13
Let q(p) be the first derivative of 4*p**3 - 5*p**2/2 - 3*p + 7. Let k be q(-3). What are the prime factors of k*((-16)/10 + 2)?
2, 3
Suppose 25137 = 36*w + 2169. What are the prime factors of w?
2, 11, 29
Suppose -x - s - 5 = 0, 0*x + s = 4*x + 45. Suppose 4*u - 98 = 126. Let p = u + x. List the prime factors of p.
2, 23
Suppose -2*j + 17 = -3*x - 78, -j - 2*x + 51 = 0. List the prime factors of j + -5 + (-4 - -9).
7
Suppose -7*r = -0*r - 1386. Suppose 2*v - 42 = r. List the prime factors of (v/(-3) + -1)/(-1).
41
Suppose -2*c + 17 = 3*i, 2*i - c - 10 = -2*c. Let d(u) = u**2 + 5*u - 6. List the prime factors of d(i).
2, 3
Let l(c) = -c**3 - 4*c**2 - 5*c - 4. Let t(b) = -b**3 + 6*b**2 - 5*b - 4. Let d be t(5). List the prime factors of l(d).
2
Suppose -g + 2*g = 2, 0 = -b - 3*g + 2107. What are the prime factors of b?
11, 191
Let w = 26 + -24. Suppose -w*t + 132 = t. What are the prime factors of t?
2, 11
Let y = -31 - -35. Suppose 0 = -y*o + o + 144. What are the prime factors of o?
2, 3
Suppose -9350 = -36*z + 25*z. What are the prime factors of z?
2, 5, 17
Let f = -69 - -78. Suppose 4*a = f*a - 685. What are the prime factors of a?
137
Suppose 15083 - 5111 = 18*c. What are the prime factors of c?
2, 277
Let h = -25 + 27. Suppose -3*z = h*k - 33, -3*k - 11 = 5*z - 67. List the prime factors of z.
13
Suppose 17*b + 7751 = 32452. List the prime factors of b.
1453
Let y = 15 - 11. Let s be 199/4 - (-1)/y. Suppose 5*x - 55 = s. What are the prime factors of x?
3, 7
Let l be 314/(-12) + (-3)/(-18). Let u = l - -76. Suppose 4*d - 5*d = -3*b + u, d + 18 = b. What are the prime factors of b?
2
Let d be (-30)/(-12)*4/10. Let f be ((-3)/(-9))/(d/27). Suppose a + 2 = -k + f, 5*k = -15. List the prime factors of a.
2, 5
Let a(l) = -2*l + 13. Let k be a(5). Suppose -q = -k*q + 10, u - 5*q = 112. List the prime factors of u.
137
Suppose 0 = 4*z + 12, -2*l = 8*z - 6*z - 92. Let d = 35 + -62. Let n = l + d. List the prime factors of n.
2, 11
Let l(g) = 19*g**2 + 11*g - 1. List the prime factors of l(10).
7, 41
Let m(b) be the second derivative of -b**5/20 + 3*b**4/4 + b**2 - 6*b. Let p be m(9). Suppose 5*n - 33 = p*n. List the prime factors of n.
11
Let v(f) = -f**2 + 5 + 2*f**3 - 2*f**3 + 4*f - 2*f**3 + 0*f**2. Let r be v(-2). What are the prime factors of 3 + 2*(-2 + r)?
17
Let g = -16 - -1398. What are the prime factors of g?
2, 691
Let s(p) = 33*p - 37. Let r(j) = -j - 11. Let q be r(-15). List the prime factors of s(q).
5, 19
Let k be 4/((6/80)/((-6)/(-5))). Let c = k - 8. What are the prime factors of c?
2, 7
Let m = 121 - -203. What are the prime factors of m?
2, 3
Let c(u) = 14*u**2 - 26*u + 31. What are the prime factors of c(7)?
5, 107
Suppose -26*n - 464 = -6834. What are the prime factors of n?
5, 7
Suppose 0 = 3*p + 2*s - 1416, -1888 = -16*p + 12*p - 2*s. List the prime factors of p.
2, 59
Let k(h) = h**2 - 6*h - 8. Let m be k(9). Suppose 147 = 4*d + m. Suppose -i + 7 = -d. List the prime factors of i.
3, 13
Suppose -2*g = -5*s + 64, 0 = -0*g - 2*g + s - 48. Let b = 42 + g. List the prime factors of b.
2, 5
What are the prime factors of 3491 + (3 + -12 - 1)?
59
Let v(y) = -y**3 - 12*y**2 + 44*y - 23. List the prime factors of v(-16).
3, 11
What are the prime factors of -11 - (-11264)/55 - (-4)/(-5)?
193
List the prime factors of (36 - 2)/((-4)/(-134)).
17, 67
List the prime factors of (24/16)/((-18)/(-3372)).
281
Suppose -2*i - 2457 = -5*i. Suppose -9*a = -0*a - i. What are the prime factors of a?
7, 13
Let t(u) be the first derivative of -9*u**2/2 - 39*u + 36. List the prime factors of t(-10).
3, 17
Suppose -264*q = -279*q + 31185. List the prime factors of q.
3, 7, 11
Suppose 0 = -4*v + 27 + 13. Suppose -v = z - 3*z. Let k(d) = 2*d**2 - 6*d - 7. List the prime factors of k(z).
13
Let r be (-32)/(-24)*9/4. List the prime factors of ((-1)/r)/(1/(-501)).
167
Let b be (5 - 6)*-5 + -3. Suppose 2*g = 4*l - 110, 2*l + 115 = 7*l + 5*g. Suppose -b*k + l + 64 = 0. What are the prime factors of k?
3, 5
Let k = 35 + 78. Let q = 685 + -672. Suppose -q - k = -2*x. What are the prime factors of x?
3, 7
Suppose -z + 4*u - 5*u = 71, -5*u = -3*z - 173. Let r = -51 - z. What are the prime factors of r?
3, 5
Suppose -1232 = -37*n + 692. What are the prime factors of n?
2, 13
Suppose 0*u + u = -2. Let b = 116 + -114. List the prime factors of (4 - u)*11/b.
3, 11
What are the prime factors of (((-12840)/(-100))/(6/(-340)))/(-2)?
2, 17, 107
Let n = 56 - 4. Let u = n - -104. What are the prime factors of u?
2, 3, 13
Let s = 13 - 34. Let l = 25 + s. List the prime factors of l.
2
Let q = -3608 - -5316. List the prime factors of q.
2, 7, 61
Let r(q) = -3*q**2 - q + 1. Let m be r(-7). Let v = m + 261. List the prime factors of v.
2, 61
Suppose -2*y = -v + 1496, -v - 3*y + 7467 = 4*v. What are the prime factors of v?
2, 3, 83
Let f = 49 - 79. Let r be (-244)/30 + (-4)/f. Let m = r - -23. What are the prime factors of m?
3, 5
Let g = 235 + -188. What are the prime factors of g?
47
Let i be ((-68)/(-6))/(1/(-12)). Suppose 2*q - 15 - 7 = -4*s, -4*s = 3*q - 25. What are the prime factors of (q - 0)/((-12)/i)?
2, 17
List the prime factors of -1 + 273 + 3 + (-40)/8.
2, 3, 5
Let h = 14 - -300. What are the prime factors of h?
2, 157
List the prime factors of 87 + (-8 + 2 - -1).
2, 41
Let b(r) = -2*r**3 - 4*r**2 + 3*r + 9. Let t be b(-4). Let s = 57 + t. What are the prime factors of s?
2, 59
Let h = 5673 - 1489. List the prime factors of h.
2, 523
Let g(s) = s - 7. Let m be g(-6). Let q = m - -11. Let n(a) = -3*a**3 + 4*a**2 + 3*a - 1. List the prime factors of n(q).
3, 11
Suppose -2*o + 7 = -3, 55 = 5*w + o. Suppos